-12)/s)?
1
Let b(c) = c + 8. Let v be b(-6). Suppose 0 = -v*i + 30. What is the units digit of (6/(-2))/((-9)/i)?
5
Suppose 0 = -g + 2. What is the units digit of g?
2
Let u = -13 - -48. What is the units digit of u?
5
Let h(z) = 29*z + 19. What is the tens digit of h(6)?
9
Let h(j) = -6*j + 20. What is the units digit of h(-8)?
8
Let r(p) = -3*p + 1. Let c = -6 - -5. Let v be r(c). Suppose v*f - 3 = f. What is the units digit of f?
1
Suppose -2*v + 68 = -182. What is the units digit of v?
5
Suppose 0 = 4*f + 2*g - 2, 6*f - 31 = 4*f + 5*g. Suppose 0 = -i - 2, i - 43 = -6*l + f*l. What is the tens digit of l?
1
Let s(r) = -r**3 + 2*r**2 + 2*r. Let d(f) = f**3 + 9*f**2 - f - 7. Let b be d(-9). What is the units digit of s(b)?
4
What is the hundreds digit of ((-4)/(-3))/(2/183)?
1
Let o(r) = 2*r - 2*r + 1 - 2*r + r**2. What is the units digit of o(3)?
4
Let r = -22 - -36. Suppose -q + 34 = r. What is the units digit of q?
0
Suppose 1 = r + 3. Let b(o) = 5*o**2 + 2*o + 2. What is the tens digit of b(r)?
1
Let n = 14 - 0. Suppose -2*l + 9 + n = 3*f, -5*l = -2*f - 10. Let o = 5 - l. What is the units digit of o?
1
Let y(m) = -m**2 - 4*m + 5. Let h be y(-5). Suppose 4*k - 3*q + 30 = h, 3*k - 2*q = q - 24. What is the units digit of (0 + 20/k)*-3?
0
Let f = 14 + -8. Let g(s) = 3*s - 7. What is the units digit of g(f)?
1
Let a = 672 - 405. What is the tens digit of a?
6
Let z(s) = 5*s**2 - s - 4. Let a(j) = 9*j**2 - 3*j - 9. Let i(v) = -3*a(v) + 5*z(v). Let n be i(5). Let y = -12 - n. What is the tens digit of y?
1
Suppose 5*u - 5 = -0*u, -4*k = -4*u - 200. What is the units digit of k?
1
Suppose 3 = 4*k - 61. What is the units digit of k?
6
Let a = 195 - 3. What is the tens digit of a?
9
What is the units digit of (-26)/143 - 444/(-22)?
0
Suppose -2*w - 2*w = -28. What is the units digit of 1*(-4)/((-4)/w)?
7
Suppose 5*n - 4*t - 497 = 2*n, -139 = -n - 4*t. What is the hundreds digit of n?
1
Suppose -4068 = -19*d - 287. What is the hundreds digit of d?
1
Let u be (-14)/4 + (-3)/(-6). Let m be (-31)/u + 3/(-9). Suppose -f + 10 = -4*z, -f + 3*z = -0*z - m. What is the units digit of f?
0
Let c = 25 + -10. What is the units digit of c?
5
Let l(a) = 14*a**2 + 3*a. Let n be l(-2). What is the tens digit of 1/(-2) - n/(-4)?
1
What is the hundreds digit of (1 + 4)*(-127)/(-10)*2?
1
What is the hundreds digit of (-226*2/4)/(-1)?
1
Suppose 2*l - 120 = -4*n, -355 = -5*l + 4*n - 3*n. What is the tens digit of l?
7
Suppose -5*z = -99 - 146. What is the units digit of z?
9
Let v = -41 - -13. What is the units digit of (33/12 - 3)*v?
7
Suppose 97 - 2 = 3*t - 4*w, 4*t - w - 105 = 0. What is the tens digit of t?
2
What is the units digit of 1 - -2 - 2/(12/(-378))?
6
Let g be (-8)/(-2) + -1 + 84. Suppose 23 = 5*a - g. What is the units digit of a?
2
Let r = 3 + -3. Let a be r/(2/1 + -4). What is the units digit of 12/3 + a + 3?
7
What is the tens digit of 30*4/8 + 2?
1
Suppose -12 = -3*b - 3. Suppose 2*h + 2*v - 15 - 23 = 0, 5*h + 4*v - 92 = 0. Suppose -2*m + 4*n = -h, 0 = -3*m - b*n + n. What is the units digit of m?
2
Let p = -2 - -2. Suppose 0 = -p*d + d - 13. What is the units digit of d?
3
Let a(b) = 3*b - 2 - 7*b - 4. What is the tens digit of a(-4)?
1
Suppose j - 10 = 4*w + 9, 3*j = -5*w + 125. What is the units digit of j?
5
Let m(i) be the first derivative of i**2/2 + i - 1. What is the units digit of m(6)?
7
Let r = 13 - -1. What is the tens digit of r?
1
Let y be (-1)/(-4) + 34/(-8). Let c be 1 - y/(8/(-38)). Let r = -11 - c. What is the units digit of r?
7
Suppose 0 = -16*o + 11*o + 240. What is the tens digit of o?
4
Suppose -p + 4*l + 33 = 0, -4*p + 6*l = l - 176. What is the tens digit of p?
4
Let i be (-3 + 1)/(-5 - -3). What is the units digit of ((-28)/6)/(i/(-3))?
4
Suppose 0 = -q + 5*i + 18, 5*q + 10 = 4*i + 184. What is the tens digit of q?
3
Let h(z) = -z**3 - z**2 - z + 39. Let p be h(0). Let a = p - 27. What is the tens digit of a?
1
What is the tens digit of 12/(450/(-115) - -4)?
3
Let d(n) = -n**3 - n**2 + n - 3. What is the units digit of d(-3)?
2
Let l = 113 + -53. Let h = 4 + 4. Suppose 4*y - h*y = -l. What is the tens digit of y?
1
Let k be (-1)/(-2*(-2)/(-4)). Suppose 2*h = -2*m + 14, m + k - 12 = -5*h. What is the units digit of m?
6
Suppose -k = 3*k + 4, -48 = 5*h - 2*k. Let z = h + 24. What is the units digit of z?
4
Let v = -19 + 13. Let a = -4 - v. What is the units digit of a?
2
Suppose 5*t - 565 + 95 = 0. What is the tens digit of t?
9
Suppose -75 = 3*k + 3*w, 68 = -k - 2*k + 4*w. Let b = -38 - -22. Let h = b - k. What is the units digit of h?
8
Let t = -10 + 12. Let b(d) = 4*d**2 - 3*d. What is the tens digit of b(t)?
1
Let z(y) = -y**3 + 11*y**2 - 8*y - 3. What is the units digit of z(10)?
7
Let w(f) = 4*f. Let l be w(-2). Let n be 2/(-8) - 2/l. Suppose 5*t = 3*u - 40, n*u - 4*t = u - 2. What is the tens digit of u?
1
What is the hundreds digit of (-3)/(-4) + 2874/8?
3
Let g = -1 - -4. Suppose 5*i - 74 = g*i. Suppose -2*t = 2*z - 3*t - 17, -2*z + i = -5*t. What is the units digit of z?
6
Let i = -21 - -25. What is the units digit of i/(-20) + 112/10?
1
What is the tens digit of 33/(-22)*(-28)/3?
1
Suppose -4*h = 2*p - 0*h - 4, 0 = -5*h - 10. Suppose -3*x - 6 = -p*x. Suppose -x*n - 1 = -c, -2*c + 16 = 3*c + n. What is the units digit of c?
3
Let c = 0 - 0. Let i(b) = b**3 - b + 1. Let o be i(1). Let s = o - c. What is the units digit of s?
1
Suppose -3*i = 2*z + 15, i = -z - 4 - 5. Let s = -10 - z. What is the units digit of s?
2
Suppose -2 = 2*u, 0*n - 5*n = 3*u - 17. What is the units digit of ((-12)/10)/(n/(-10))?
3
Let i = 20 + -23. Let y be ((-5)/4)/(2/8). Let d = i - y. What is the units digit of d?
2
Suppose -4*k + 12 + 16 = 0. Suppose 0 = -5*v + 5*u - 5, 6*u - k = -v + 3*u. What is the units digit of v?
1
Let q(v) = v + 13. Let t(c) = c**2 + 7*c + 2. Let h be t(-5). What is the units digit of q(h)?
5
Let x be 30/(-4)*16/(-10). Let p be (-18)/(-4)*16/x. Suppose 3*u - 39 = 2*q, q - p*q = 0. What is the units digit of u?
3
Let y = -5 - -13. What is the units digit of y?
8
Let c = 15 + -15. Suppose -3*v + c*v + 63 = 0. What is the units digit of v?
1
What is the units digit of ((-10)/(-12) - 1) + 6575/30?
9
Suppose 18*n - 411 = 4467. What is the hundreds digit of n?
2
Let n(l) = -2*l - 21. What is the units digit of n(-14)?
7
Let j(x) = x + 2. Let k be j(-1). What is the units digit of k*-1 - (-23 - 9)?
1
Suppose -5*i + 0*i = 5*f - 260, f = -5*i + 52. Suppose 0*p + f = 4*p. What is the units digit of p?
3
Suppose -177 + 33 = -4*j. Suppose -2*k = 2*k - j. What is the units digit of 6*(-2)/k*-3?
4
Suppose 1 = 3*c - 5. Let h = -2 + c. Suppose -2*z + w = -z - 8, h = 2*z + w - 16. What is the units digit of z?
8
Suppose 0 = -4*h + 3*g + 30, -4*g + 11 = 4*h - 5. Suppose 0 = -2*l + h*l + 28. What is the units digit of l/(0 - (-1 + 2))?
7
Let z(w) = 77*w - 10. What is the tens digit of z(3)?
2
Let k = 160 + -67. What is the units digit of k?
3
Suppose -3*p + 2*t - 13 - 96 = 0, -137 = 4*p - t. Let g = 58 + p. What is the units digit of g?
5
Suppose -5*v - i = -1162, 3*v - 704 = -2*i - 2*i. What is the units digit of v?
2
Let y be (-2)/6 - (-4)/12. What is the units digit of (3 - 1) + (3 - y)?
5
Let z be (10/3)/(16/24). Let q = z - 3. What is the units digit of q?
2
Let i(h) be the third derivative of h**6/120 + 2*h**5/15 + h**4/3 + 3*h**3/2 - 3*h**2. What is the units digit of i(-7)?
2
Suppose -2 - 10 = -3*u, 3*u + 452 = 4*y. What is the hundreds digit of y?
1
Let y be 7/1 + -2 - -1. Suppose 2*x + 56 = y*x. What is the units digit of x?
4
Let j = 951 - 665. What is the units digit of j?
6
Suppose -1141 = -13*v + 1056. What is the units digit of v?
9
Let z be (1 - -1)*15/10. Suppose z*r - 2*c = 3, -4*c = -c - 9. Suppose 4*d - 3*d - 4*p - 17 = 0, 17 = r*d + 5*p. What is the units digit of d?
9
Suppose 3*i - 4*i - 2 = 0, 14 = o - 3*i. Let f = 10 - o. Suppose r - p = f, -2*r - 2 = 4*p - 6. What is the units digit of r?
2
Let o = -16 - -23. Suppose 3*l = 2*l + o. What is the units digit of l?
7
Suppose -1 + 4 = h + 2*t, -5*h + 15 = -2*t. Suppose 0*w + r + 139 = 5*w, -147 = -5*w + h*r. What is the units digit of w?
7
Let z(k) = -4*k - 5. Let f(j) = j + 1. Let n(v) = 2*f(v) + z(v). What is the units digit of n(-5)?
7
Suppose -2*p + 3 = -